 20*(-8)/(-20) + 691?
6
Let s(a) = -15*a - 2*a**2 + 10 + 1 + 0. What is the units digit of s(-8)?
3
Let x(l) = l**3 - 2*l**2 - 10*l + 411. What is the units digit of x(0)?
1
Suppose 3*c - 2*b - 7 = 0, 3 = -3*c + 5*b - 2. Suppose 395 = c*k + 75. What is the tens digit of k?
6
Let o(w) = w**3 + 10*w**2 + 9*w - 1. Let i = -7 + -2. Let p be o(i). Let k = p - -6. What is the units digit of k?
5
Let q = -19 + -24. Let v = q - -95. Suppose -v = -4*g + 4*r, 47 = 2*g + 2*g - 5*r. What is the tens digit of g?
1
Suppose 0 = -3*p, 3*p - p + 48 = -2*s. Let v be s/(-9)*15/(-2). What is the units digit of (-119)/(-4) + (-5)/v?
0
Suppose -5*b + 4035 = 2*z, 12*z = 4*b + 17*z - 3211. What is the units digit of b?
9
Suppose 0 = -f + 302 + 2688. What is the units digit of (-12)/(-21) + f/35?
6
Let s be 0 - -4 - (4 + -3). Let h be 2*(-6)/8 - 2/4. What is the tens digit of 12 - (-3)/(h + s)?
1
Suppose -3*l + 33 = -4*z, -3*l = -0*l + 3*z - 12. What is the tens digit of l/((-245)/10) - 1430/(-7)?
0
Let w = 1920 - 1692. What is the hundreds digit of w?
2
Let o = 39 - -41. Suppose 34 = -2*c + d, -4*c + 0*c = -5*d + o. Let p = c + 26. What is the tens digit of p?
1
Suppose -p + 11 = -3*f, -2*p + f = -2*f - 13. Suppose 0*w + w - 73 = -n, -5*w + p*n + 330 = 0. What is the tens digit of w?
6
Suppose -5*b - 12 = -5*l + 13, -4*b + l - 17 = 0. What is the hundreds digit of (4/b)/((-4)/500)?
1
Let f(p) = 121*p**2 - p. Let q be f(1). Let c = q + -71. What is the units digit of c?
9
Suppose -11746 - 19065 = -11*s. What is the hundreds digit of s?
8
Suppose -7*z - 2*z = 162. What is the units digit of (-4)/z - (-5816)/72?
1
Let l(c) = 3*c**2 - 15*c - 43. What is the hundreds digit of l(10)?
1
Let x(g) = g**3 + 6*g**2 - 7*g - 1. Let n be x(-7). Let k be ((-21)/(-12))/(n/(-4)). What is the units digit of (63/2)/k*2?
9
Let a = 75 + -63. Suppose -a*d + 653 = -1171. What is the tens digit of d?
5
Suppose -4 - 24 = -14*n. Suppose -n*f = -3*j - 237 + 95, 5*f = -3*j + 355. What is the units digit of f?
1
Let k(m) = -m**2 + 4*m - 3. Let f be k(4). Let g = f - -7. Suppose 3*l - d = 2*d + 18, g*l - 5*d - 20 = 0. What is the tens digit of l?
1
Let c(u) = 10*u**3 + u**2 + u + 1. Let o be c(-1). Let v = o - 3. Let l = 15 + v. What is the units digit of l?
3
Suppose 2*q - 9*n = n + 5520, -5 = n. What is the units digit of q?
5
Let n(m) = m - 1. Let u = -9 - -14. What is the units digit of n(u)?
4
Let m be (-6)/(-9) + -2 + 110/33. Suppose -3*r = -2*r - 2, m*r - 106 = -2*b. What is the tens digit of b?
5
Let a(y) = -31*y - 2. Let o(l) be the second derivative of l**5/20 + 13*l**4/12 + 11*l**3/6 - 13*l**2/2 - 7*l. Let i be o(-12). What is the tens digit of a(i)?
2
What is the hundreds digit of -5 + (1 + 91)*3335/116?
6
Let j be ((-48)/(-10))/((-3)/(-10)). Suppose -2*r - 4*s + 58 = j, 0 = 5*r - s - 72. What is the tens digit of r?
1
Suppose -w = 2*a - 13, w = -2 + 1. Let l = 9 - a. What is the tens digit of (-24 + 8)*(-2)/l?
1
Let a(x) = x**2 - 16*x - 7. Suppose 5*s - 70 - 15 = 0. What is the units digit of a(s)?
0
Suppose 2262 = -3*v + 5919. What is the tens digit of v?
1
Suppose 4 = -4*q, -4*p + 46 = 5*q + 3. Let u = p + -17. What is the tens digit of ((-54)/u)/(26/65)?
2
Let z = 122 + -121. Let j(p) = 14*p**2 + 2*p - 1. What is the tens digit of j(z)?
1
Suppose 9*c = -1726 + 5587. What is the units digit of c?
9
Suppose -2*w + 5*u - 101 = 0, 2*u + 3 = 4*w + 165. Let a = -54 - -29. Let p = a - w. What is the tens digit of p?
1
Suppose 679 = 7*k - 490. What is the hundreds digit of k?
1
Let b(w) = 4 + 0 - 4 + 6*w. Let g = 1 - -2. What is the tens digit of b(g)?
1
Let n = -325 + 1673. Suppose 42*l + n = 46*l. What is the hundreds digit of l?
3
Let o = 472 + -131. Suppose -5*x = 4*y - 90 - 475, 3*x + 2*y = o. What is the units digit of x?
7
Let f be 4/8*4 - (-4)/(-2). Suppose f*p = 4*p - 632. What is the tens digit of p?
5
Suppose 4*b - 3*f = 297 + 34, 0 = -3*f + 9. Let m = b - 122. Let z = -19 - m. What is the tens digit of z?
1
What is the tens digit of (-6)/8 - 113429/(-124)?
1
Suppose 0 = 5*x + 4 - 14. Suppose 5*m = 5*f, 3*f - 12 = -3*m + 6. Suppose f*w = 5*i - 212, 2*w - 88 = -x*i + 4*w. What is the tens digit of i?
4
Suppose -25*l - 64*l = -270649. What is the thousands digit of l?
3
Suppose 0 = 4*g - 7*g - 3. What is the hundreds digit of g/2*(-233 + 3)?
1
Suppose 7*x - 2637 = 219. What is the hundreds digit of x?
4
Let n(w) = -671*w - 3. What is the hundreds digit of n(-6)?
0
Suppose w = -0*w + 10. Let h = w + -9. What is the units digit of h?
1
What is the hundreds digit of ((-7623)/605)/(6/(-100))?
2
Let h(r) = r - 11. Let g be h(10). Let i be (0 - g)*(-5 + 3). What is the units digit of 24 - (i + (-2 - -1))?
7
Let k(t) be the third derivative of -t**4/24 - t**3/2 + 9*t**2. Let s be k(-6). Suppose s*l = 4*g - 115, 2*g - 33 = g + 5*l. What is the units digit of g?
8
Let r(o) = -2*o**2 + 3*o - 2. Let m(k) = k**2 - k + 1. Let t(i) = 5*m(i) + r(i). Suppose 2*y - 11 = -5. What is the units digit of t(y)?
4
Let u(k) = -k**3 + 20*k**2 - 39*k - 17. What is the units digit of u(12)?
7
Let r = 1025 + -136. Suppose -8*g = -15*g + r. What is the units digit of g?
7
Let i be (-3 - -2)*3 + -73. Let g = i + 128. What is the units digit of g?
2
Let z(t) = 11*t**2 + 2*t + 2. Let m(j) = j**2 - 12*j + 5. Let w be m(12). Suppose -c = -w*g - 10, 0 = -g - 6*c + 2*c - 2. What is the tens digit of z(g)?
4
Let a(r) = -2*r**2 - 4*r - 1. Let s(j) = -3*j**2 - 7*j - 1. Let q(h) = 5*a(h) - 3*s(h). Let t be q(2). What is the units digit of t*1/(-4)*7?
7
Let p be (-2*4 + 14 + -13)*-123. What is the tens digit of (p/(-14))/(3/(-2))?
4
Suppose -11*m = -69*m + 73950. What is the tens digit of m?
7
Suppose -r + 4*i + 102 = -594, 0 = -5*i + 5. What is the tens digit of r?
0
Let g = 255 + -73. What is the units digit of g?
2
Suppose -3*l - 3 = -2*i - 5, -l = -4*i + 6. Suppose -4*k + 94 = 2*v, k - 32 = -k + i*v. Suppose 25 = 5*b, -m + b - 3*b = -k. What is the tens digit of m?
1
Suppose -2028 = 15*w - 19*w. What is the units digit of w?
7
Let t = 506 + -743. Let l = 89 + t. What is the tens digit of (-5)/(4 - l/(-36))?
4
Let t(y) = -y**3 - 1. Let s(g) = 5*g**3 + 12*g**2 - 19*g + 21. Let i(w) = -s(w) - 6*t(w). What is the tens digit of i(11)?
7
Suppose 0*q - 2*q - 2 = 0. Let u be q + 5 + -2 + 0. Suppose u*v - 8 - 12 = 0. What is the units digit of v?
0
Let c(u) = -16*u**3 - 11 + 9*u**3 - 12*u + 8*u**2 + 8*u**3. Let i be c(-9). Suppose -h + i = -30. What is the tens digit of h?
4
Suppose 2*v - 6 = 4. Suppose 3*h + 3*o - 156 = 0, -140 = -4*h + h + v*o. Let i = h + -10. What is the units digit of i?
0
Suppose -k + 25 = -6*k + 5*y, 2*k = -4*y - 4. Let x be (22/(-1))/(k/22). Suppose 3*w = -j + 46, -3*j - 4*w + x + 7 = 0. What is the tens digit of j?
4
Let j(d) = 3*d**2 - 14*d + 1. What is the hundreds digit of j(12)?
2
Let o = 2 + 255. Let k = o - 84. What is the tens digit of k?
7
Suppose 0 = 4*b + b + 630. Let x = -74 - b. What is the tens digit of x?
5
Let n(m) = -3623*m - 67. What is the tens digit of n(-1)?
5
Let c(t) = -3*t**3 - 6*t**2 - 14*t - 10. Let w(m) = 8*m**3 + 19*m**2 + 41*m + 30. Let j(g) = 11*c(g) + 4*w(g). What is the hundreds digit of j(10)?
1
Let w = 83 - 104. What is the units digit of 2*w/(-5) + (-44)/110?
8
Suppose -f + 25 = -5*y + 2*f, -2*y - 29 = -5*f. What is the units digit of (-1)/y*904/(-20)*-5?
3
Suppose 2*a = -5*l + 96, -3*a = -6*a + 5*l + 144. Suppose 5*k = a + 22. What is the tens digit of k?
1
Suppose 0 = 10*x - 5*x - 15. What is the hundreds digit of (-4 + (4 - x))*(-398)/6?
1
Suppose 7*o - k + 2433 = 11*o, 6 = -2*k. What is the tens digit of o?
0
Let t = -758 - -3606. What is the tens digit of t?
4
Suppose -1003 = -4*a + 797. Suppose 167*m = 172*m - a. What is the tens digit of m?
9
What is the units digit of (-3)/((-3)/10)*(-987)/(-5)?
4
Let k = -59 - -62. Suppose 4*w - 79 = n - 2*n, k*w + 213 = 2*n. What is the tens digit of n?
9
Suppose i - 4*i + 75 = 0. Suppose -2*p = 3*y - 0*y - i, -y = -5*p + 105. What is the tens digit of p?
2
Let f(i) = -i**3 + 15*i**2 - 12*i - 6. Let c = 2 + 3. Suppose -3*y - 22 = -z - z, -66 = -4*z - c*y. What is the tens digit of f(z)?
2
Let z = 236 + -176. What is the units digit of z?
0
Suppose 10*m - 66 = -16. Suppose m*d - 84 = -3*j + 123, 2*j = 2*d - 86. What is